
Calculate the remainder when 122695 is divided by 59212.
4271
What is the remainder when 75163071 is divided by 1603?
4
What is the remainder when 220214 is divided by 3807?
3215
What is the remainder when 2080104 is divided by 7?
5
What is the remainder when 6050527 is divided by 176?
175
Calculate the remainder when 3623162 is divided by 232.
18
Calculate the remainder when 28909210 is divided by 59.
36
What is the remainder when 46827 is divided by 3781?
1455
Calculate the remainder when 1644353 is divided by 548110.
23
What is the remainder when 3022976 is divided by 1651?
1646
Calculate the remainder when 737686 is divided by 92209.
14
Calculate the remainder when 2581907 is divided by 1113.
860
What is the remainder when 1269846 is divided by 2782?
1254
Calculate the remainder when 24011002 is divided by 83662.
8
Calculate the remainder when 366621 is divided by 3527.
3340
Calculate the remainder when 1309164 is divided by 342.
330
What is the remainder when 1040137 is divided by 43339?
1
What is the remainder when 27337041 is divided by 4529?
4526
Calculate the remainder when 15860396 is divided by 1885.
6
What is the remainder when 152314 is divided by 152233?
81
Calculate the remainder when 38411796 is divided by 60971.
66
Calculate the remainder when 270774 is divided by 54128.
134
Calculate the remainder when 52461 is divided by 1005.
201
Calculate the remainder when 17846 is divided by 189.
80
Calculate the remainder when 32899 is divided by 3170.
1199
What is the remainder when 1102179196 is divided by 128?
124
What is the remainder when 389293 is divided by 191553?
6187
What is the remainder when 909947 is divided by 376?
27
Calculate the remainder when 624055230 is divided by 53.
52
Calculate the remainder when 2853711 is divided by 9772.
287
What is the remainder when 379354 is divided by 1539?
760
Calculate the remainder when 21783889 is divided by 7261283.
40
What is the remainder when 65768 is divided by 28521?
8726
Calculate the remainder when 499930 is divided by 77.
46
Calculate the remainder when 258848998 is divided by 60.
58
Calculate the remainder when 367212 is divided by 172.
164
Calculate the remainder when 432694 is divided by 85.
44
Calculate the remainder when 1982179 is divided by 470.
189
What is the remainder when 245296261 is divided by 136?
133
What is the remainder when 4564083 is divided by 83?
79
What is the remainder when 240429 is divided by 400?
29
What is the remainder when 2805058 is divided by 935000?
58
What is the remainder when 15150031 is divided by 5050010?
1
What is the remainder when 4674839 is divided by 86571?
5
What is the remainder when 250059 is divided by 35715?
54
What is the remainder when 16146 is divided by 2684?
42
Calculate the remainder when 595903 is divided by 297766.
371
What is the remainder when 5561 is divided by 555?
11
Calculate the remainder when 139148 is divided by 878.
424
Calculate the remainder when 518511 is divided by 51850.
11
What is the remainder when 6248726 is divided by 328880?
6
Calculate the remainder when 159070 is divided by 49.
16
What is the remainder when 1647 is divided by 536?
39
Calculate the remainder when 356359 is divided by 847.
619
What is the remainder when 20477 is divided by 144?
29
Calculate the remainder when 4672030 is divided by 10993.
5
What is the remainder when 51540 is divided by 141?
75
What is the remainder when 71910 is divided by 10271?
13
Calculate the remainder when 302034 is divided by 12325.
6234
Calculate the remainder when 16232041 is divided by 905.
866
Calculate the remainder when 5818401 is divided by 4777.
15
What is the remainder when 2566433 is divided by 1283203?
27
What is the remainder when 21791142 is divided by 7263714?
0
Calculate the remainder when 119584409 is divided by 91988.
9
What is the remainder when 249105 is divided by 244?
225
What is the remainder when 996022 is divided by 1934?
12
Calculate the remainder when 123350 is divided by 2615.
445
Calculate the remainder when 178269 is divided by 178196.
73
What is the remainder when 307390 is divided by 76844?
14
Calculate the remainder when 9258877 is divided by 1088.
1085
What is the remainder when 10061030 is divided by 36061?
11
Calculate the remainder when 11871586 is divided by 2266.
12
Calculate the remainder when 32754787 is divided by 1826.
1825
Calculate the remainder when 342596360 is divided by 2559.
2558
What is the remainder when 309167 is divided by 1207?
175
What is the remainder when 105117 is divided by 2202?
1623
Calculate the remainder when 885031 is divided by 3512.
7
What is the remainder when 23207948 is divided by 3116?
3096
What is the remainder when 45781504 is divided by 3891?
3889
What is the remainder when 1239329 is divided by 158?
135
Calculate the remainder when 662020 is divided by 82728.
196
What is the remainder when 29074 is divided by 1675?
599
Calculate the remainder when 73721 is divided by 36834.
53
Calculate the remainder when 926 is divided by 920.
6
What is the remainder when 20611 is divided by 1874?
1871
Calculate the remainder when 29516 is divided by 7196.
732
What is the remainder when 137028761 is divided by 13?
12
Calculate the remainder when 4044423 is divided by 72.
39
What is the remainder when 451778615 is divided by 6653?
6650
What is the remainder when 288140 is divided by 1696?
1516
What is the remainder when 974436 is divided by 12016?
1140
What is the remainder when 23087 is divided by 2987?
2178
What is the remainder when 1981740 is divided by 1281?
33
What is the remainder when 42676 is divided by 37?
15
What is the remainder when 418202 is divided by 1408?
26
What is the remainder when 4412109 is divided by 630252?
345
Calculate the remainder when 4149346 is divided by 1383110.
16
Calculate the remainder when 2665025 is divided by 141.
125
What is the remainder when 55118254 is divided by 20?
14
What is the remainder when 46963895 is divided by 136127?
80
What is the remainder when 4307569 is divided by 490?
469
What is the remainder when 409086 is divided by 2510?
2466
Calculate the remainder when 7097562 is divided by 255.
147
Calculate the remainder when 51580420 is divided by 4689128.
12
Calculate the remainder when 1938824 is divided by 236.
84
Calculate the remainder when 129506358 is divided by 1001.
982
Calculate the remainder when 410168 is divided by 4022.
3946
Calculate the remainder when 11237400 is divided by 182.
174
Calculate the remainder when 92845109 is divided by 32.
21
Calculate the remainder when 28624 is divided by 28508.
116
Calculate the remainder when 89708 is divided by 12799.
115
What is the remainder when 58872 is divided by 264?
0
What is the remainder when 106101306 is divided by 1391?
1390
What is the remainder when 26961 is divided by 499?
15
Calculate the remainder when 132358 is divided by 1753.
883
Calculate the remainder when 493242 is divided by 900.
42
Calculate the remainder when 851697 is divided by 283363.
1608
Calculate the remainder when 21423 is divided by 2916.
1011
Calculate the remainder when 9128960 is divided by 277.
148
What is the remainder when 106252557 is divided by 228?
225
Calculate the remainder when 162384596 is divided by 56.
52
What is the remainder when 135850 is divided by 14948?
1318
Calculate the remainder when 176563 is divided by 7670.
153
What is the remainder when 1108369 is divided by 507?
67
What is the remainder when 6414 is divided by 25?
14
What is the remainder when 1553177 is divided by 388290?
17
Calculate the remainder when 6339722 is divided by 46.
2
What is the remainder when 247659 is divided by 735?
699
What is the remainder when 23753 is divided by 11774?
205
Calculate the remainder when 942990 is divided by 32.
14
Calculate the remainder when 1640835 is divided by 4309.
3415
Calculate the remainder when 43986 is divided by 2433.
192
What is the remainder when 20009592 is divided by 869?
867
Calculate the remainder when 2212329 is divided by 51449.
22
What is the remainder when 535983 is divided by 4544?
4335
Calculate the remainder when 437347 is divided by 3471.
1
What is the remainder when 473218 is divided by 452?
426
Calculate the remainder when 259289 is divided by 10748.
1337
What is the remainder wh